(o). Suppose -f + 5 = -0. Calculate l(f).
4
Suppose -2*l + 5 = -7. Let z = l + -3. Let q(f) be the first derivative of -f**4/4 + 2*f**3/3 + f**2/2 + f + 1. What is q(z)?
-5
Let w be (-20)/(-4) + (-6)/2. Suppose -3*g + 1 = -2*o, w*g + g + 9 = -3*o. Let l(n) = -3*n + n + 0*n. Give l(g).
2
Let c(x) be the second derivative of -2*x - 2*x**2 - 1/4*x**4 + 0*x**3 + 1/20*x**5 + 0. Let m = 11 + -8. Determine c(m).
-4
Let u(c) = -c**2 + 2*c + 2. Suppose 4*y - 5*m - 25 = -4*m, -3*y - 5*m - 10 = 0. Suppose 0 = -y*h - 8 - 2. Determine u(h).
-6
Let r(k) = 8*k + 1. Suppose -p - 4*s - 14 = 0, s + 3*s + 20 = -4*p. Calculate r(p).
-15
Let m(o) be the first derivative of -o**3/3 - o**2/2 + 4*o + 7. Give m(3).
-8
Let k(a) = -a - 3*a**3 - 2*a + 2*a**3 - 5 - 5*a**2 - a. Let r be k(-4). Let g(o) = -o**2 - 6*o - 7. Give g(r).
-2
Let v(q) be the third derivative of q**6/120 - q**5/12 - 7*q**4/24 - q**3/2 - 4*q**2. Calculate v(6).
-9
Let p(d) = d - 2. Let c be p(0). Let a = 1 + c. Let x(f) be the third derivative of -f**5/20 + f**4/24 + 5*f**2. What is x(a)?
-4
Let y(l) = l**3 + 4*l**2 - 3*l. Suppose -a - 2 = 1. Calculate y(a).
18
Let l(r) = -r**3 + 8*r**2 + 3*r - 11. Let c(p) = p**3 + 5*p**2 + 4*p + 2. Let i be c(-3). What is l(i)?
13
Let h(x) = -x**2 - 4*x. Suppose -4*w + 22 = -26. Let l be 2*4/((-32)/w). Determine h(l).
3
Let k(c) be the second derivative of -c**5/60 + c**4/12 - 2*c**3/3 + 12*c. Let q(n) be the second derivative of k(n). Let g be 5/(-2) - 1/(-2). Calculate q(g).
6
Let s be 2 - 8/(-6)*3. Let m(x) = 0 + 1 + 2 - x. Calculate m(s).
-3
Let z(g) be the second derivative of -g**4/3 + g**3/3 - g**2/2 - 8*g. Give z(1).
-3
Let r be ((-15)/10)/((-2)/4). Suppose n + r*n = 0. Let l be -1 + -3 + (2 - n). Let u(x) = -2*x + 2. Calculate u(l).
6
Let j(f) be the first derivative of -1/4*f**4 + 5/3*f**3 - 5/2*f**2 - 1 + 6*f. What is j(4)?
2
Let x(v) = v + 6. Suppose n - 2*n = -6. Determine x(n).
12
Let f(p) be the third derivative of 0*p - 5/24*p**4 + 3*p**2 - 1/60*p**5 - 2/3*p**3 + 0. Determine f(-4).
0
Let b(c) = 3 + 2*c + 4 - 2 - 3 - c**2. Calculate b(-2).
-6
Let g(k) be the third derivative of k**5/60 - 7*k**4/24 + 5*k**3/6 - 13*k**2. Calculate g(4).
-7
Let t(v) be the second derivative of 0 - 2*v - 1/6*v**3 - 1/2*v**2. Determine t(-5).
4
Let p(r) = -r**3 + 13*r + 18*r**2 + 3 - 28*r**2 - 2*r. Calculate p(-11).
3
Let y(d) = -9*d - 2*d**3 + d**2 - 3 + 10*d + 1 + d**3. Calculate y(-2).
8
Let u(o) = 5*o**3 - 23*o**2 - 15*o - 9. Let z(b) = 2*b**3 - 8*b**2 - 5*b - 3. Let d(t) = -3*u(t) + 8*z(t). Let k = 1 + -4. Determine d(k).
6
Let m be -1 + (0 + -6)/2. Let h(t) be the second derivative of -3/2*t**2 + 0 - 1/6*t**3 + t. Calculate h(m).
1
Let x(o) = -4*o - 6. Let w be 10/(-55) + (-42)/11. Determine x(w).
10
Let t(r) be the second derivative of -r**5/20 - r**4/4 - r**3/2 + 3*r**2/2 - 12*r. Give t(-3).
12
Let h(a) = -a**2 - 8*a - 4. Let r(i) = -5*i**2 - 39*i - 21. Let y(g) = 11*h(g) - 2*r(g). Determine y(-9).
7
Let f = -10 + 16. Let m be f/4*(-4)/(-3). Let c(i) = 0*i**m + 5*i - 2*i**2 + 0*i**2 + 3*i**2. Give c(-5).
0
Let d(m) = -5*m + 2 + 0*m**2 - 1 + m**2. Give d(5).
1
Let z(v) = 7. Let c(h) = -2*h + 10. Let k(t) = -2*c(t) + 3*z(t). Let j = -1 + 1. Let y(f) = f**3 + f - 2. Let q be y(j). Calculate k(q).
-7
Let w(f) = -4 + 3*f**3 + 2*f - f - 5*f**2 - 2*f**3 + 2*f. Determine w(5).
11
Suppose 3*l - 8 = -4*h + 2*h, l - 4*h = -2. Suppose 0 = -l*s + 3*s - 2. Let o(p) = 4*p**2 - 4*p + 2. Calculate o(s).
10
Let u(i) = i**2 - 4*i - 4. Suppose b - 10 = 4*x - 3*x, -4*b - 41 = 5*x. Let a(h) = h + 15. Let k be a(x). Determine u(k).
8
Let m(i) be the first derivative of i**2/2 + 2. Determine m(1).
1
Let i = -9 + 11. Let v be (10/i + -1)*1. Let r(m) = -2 + 2*m**2 + 2*m**2 + 5*m - 5*m**2. Determine r(v).
2
Let n be -3*(-8)/6 + (-2)/1. Let v(o) be the second derivative of 1/20*o**5 - 5*o + 0 + 0*o**n + 5/12*o**4 + 1/2*o**3. Give v(-2).
6
Let u(o) = -o**2 + 4*o + 9. Suppose -2*c + 15 = 1. Calculate u(c).
-12
Let h(w) be the first derivative of w**5/60 + w**4/4 + 5*w**3/6 + 5*w**2/2 + 1. Let y(g) be the second derivative of h(g). Give y(-6).
5
Let v be -3*(-1)/6*2. Let p = v + -3. Let o(c) be the third derivative of c**6/120 - c**4/12 + 19*c**2. Determine o(p).
-4
Let l(z) be the third derivative of 0 + 0*z - 1/12*z**4 - 1/30*z**5 + 1/2*z**3 - z**2. Suppose 4 + 5 = -4*a + j, 0 = -3*a + j - 6. Give l(a).
-9
Let q(l) = -l**2 + 5*l + 1. Let n be q(5). Let s(f) = -f + 7. Let r(w) = -2*w + 5. Let j(v) = -4*r(v) + 3*s(v). Determine j(n).
6
Suppose 0 = 6*t - 2*t + q - 9, 20 = 5*t + 3*q. Let j(p) = -4 + p - 3*p**2 + 4. Calculate j(t).
-2
Let a(h) = -h**2. Suppose -2*t = 3*x - 7*x + 36, t = 0. Let q(b) = x*b**2 + 0*b**2 + 0*b**2 + 3*b - 1 + b**3. Let g(l) = 5*a(l) + q(l). Determine g(-3).
-1
Let l(c) = 0*c - 3*c + c**2 + 7*c - c + 1. Suppose 5*r - 17 = -7. Let j = -1 - r. Give l(j).
1
Let g = 3 - 2. Suppose -g - 1 = x. Let w(j) be the second derivative of -j**4/12 + j**3/6 - j**2/2 + 77*j. What is w(x)?
-7
Let s(f) = -f**2 - 10*f - 4. Let p be s(-9). Suppose p*w = 3*h + w - 35, 5 = -w. Let v(k) = -7*k + 2. Let l(c) = -c - 1. Let y(g) = 6*l(g) - v(g). Give y(h).
-3
Let h(d) = -d**3 + d**2 + 3*d + 2. Let t = 59 - 61. Calculate h(t).
8
Let a(l) = 6 + 5 - 5 - 1 - l. Suppose 0 = -p - 1 - 2. Let t = p + -1. Give a(t).
9
Let j(r) = r**3 + 5*r**2 - 4*r + 8. Suppose -3*x + 6*u + 241 = 2*u, -x = -u - 79. Suppose 3*k + x = -2*k. Let m = k - -9. Calculate j(m).
-4
Let t(k) be the first derivative of -2 - 1/8*k**4 - 1/3*k**3 + 0*k - 1/24*k**5 - 1/360*k**6 + 0*k**2. Let l(s) be the third derivative of t(s). Calculate l(-5).
-3
Suppose -37*w - 6 = -36*w. Let k(p) = 10*p**2 + p**3 - p + 0*p - p. Let z(a) = -2*a**3 - 21*a**2 + 4*a - 1. Let n(l) = 9*k(l) + 4*z(l). Give n(w).
8
Suppose 2*d = 3*d + 6. Let l(g) = 27*g + 28. Let p(o) = 8*o + 9. Let j(q) = -2*l(q) + 7*p(q). What is j(d)?
-5
Suppose -3*u = -u - 2. Let g(s) be the third derivative of -s**4/4 + s**3/6 + 5*s**2. Calculate g(u).
-5
Let d(f) be the third derivative of 0*f**4 + 0*f + 2*f**2 - 1/60*f**5 + 0 + f**3 - 1/120*f**6. Determine d(0).
6
Let j(q) = q + 3. Let a(v) = -4*v + 1. Let i be a(-2). Suppose 2*t + 3 = -i. Let d be 8*(-2 - t/4). Give j(d).
-1
Let s(f) be the first derivative of -f**3/3 - 3*f**2/2 - 2*f - 1. Let g be (-10)/4 - 8/16. Calculate s(g).
-2
Let h(k) = k**3 - 4*k**2 + k - 1. Let o = 14 - 8. Let v be ((-16)/(-24))/((-2)/o). Let j be (2/v)/(4/(-16)). Calculate h(j).
3
Let c(d) = d**3 + 3*d**2 - 6*d - 5. Let m(o) = o**3 + 7*o**2 + 7*o - 3. Let s be m(-6). Let r = s - -2. Let b = 3 + r. Give c(b).
3
Let z(t) = t - 6. Let j = 21 - 26. Determine z(j).
-11
Let d(a) = -a**3 + a**2 - 11. Let r be -1 - 2*2*1/(-4). What is d(r)?
-11
Let x(m) = -m + 1. Let b(w) = 2*w**2 + 6*w - 6. Let s(l) = b(l) + 4*x(l). Let t be (6/(-4))/(9/12). What is s(t)?
2
Let g(d) be the second derivative of -d**4/12 - d**3/3 - d**2/2 + 6*d. Calculate g(-2).
-1
Let p(s) = s**2 + 2*s. Let g be p(0). Let j(f) = f**3 + g*f + 11*f - 10*f - 6*f**2. Let y = 3 + 3. Calculate j(y).
6
Let z(j) = 2*j + 3. Suppose 0 = -2*w - 3*w + 35. Let n(m) = 5*m + 9. Let k(v) = w*z(v) - 2*n(v). Let x be 4/8*(-4 + 0). Give k(x).
-5
Let u(s) = -s**2 - 7*s - 8. Let a(k) = -k**2. Let b(l) = 4*l**2 + 15*l + 17. Let t(o) = -2*a(o) - b(o). Let g(p) = 6*t(p) - 13*u(p). Give g(0).
2
Let d(v) = -v**3 - v**2 + 3*v - 2. Let q be d(-3). Let c(w) = w**3 - 8*w**2 + 6*w - 10. Give c(q).
-17
Let h = -19 + 15. Let b(y) = y**3 + 4*y**2 - 3. What is b(h)?
-3
Suppose 4*a = -2 + 6. Let j be (-4)/(-6)*15/2. Let r(w) = -j - 4 + 6 + 4 + 3*w. Give r(a).
4
Let g be 9/(-6)*(44/(-6) - 2). Let w(l) = -l**3 + 14*l**2 + l - 14. What is w(g)?
0
Let h(c) = -3*c**2 - 2. Let k = -114 + 116. Give h(k).
-14
Let k(t) be the first derivative of 13*t**4/4 + t**3/3 - t**2 + t + 1. Let h(i) = -4*i**2 + 28*i - 23. Let x be h(6). Give k(x).
13
Let b(o) be the first derivative of o**4/4 + o**3 - o**2 + 4*o - 26. Give b(-4).
-4
Let q be 2 - (-1 - (-20)/8)*-2. Let p(w) = w**3 - 4*w**2 - 3*w - 4. Calculate p(q).
6
Let j(b) be the second derivative of -b**5/20 - b**4/6 + 2*b**3/3 + 2*b**2 - b. Suppose -4*q + 10 = 22. Give j(q).
1
Let s(o) be the third derivative of -o**6/120 + o**5/12 + 7*o**4/24 - 2*o**3/3 + 3*o**2. Let n = 1 + 5. Calculate s